t is the hundreds digit of b(-1)?
3
Let s be -2 - (-5 - -1) - 9. Let p(u) = u. Let j(r) = r. Let x(n) = -5*j(n) + 3*p(n). What is the units digit of x(s)?
4
Suppose -9 = -4*k + 15. What is the units digit of k?
6
Suppose -17 = 2*u - 3*z, u + 4*z = -0*u + 19. Let w be -1 + (0 - 0/2). What is the units digit of (-2 - u)/(w/9)?
9
Suppose 0 = -j - 2*j + 24. Let d(h) = -h**3 + h + 1. Let w(i) = 3*i**3 - 8*i**2 - 4*i + 4. Let n(r) = -2*d(r) - w(r). What is the tens digit of n(j)?
1
What is the tens digit of (60/(-8))/((-2)/4)?
1
Suppose 2 = -2*v, 0 = -4*z + 5*v + 84 + 429. What is the tens digit of z?
2
Let f(x) = -7*x**2 - 2*x + 2. Let s be f(2). What is the units digit of s/(-50) - 64/(-10)?
7
Let n = 0 - 1. Let o(s) = -s + 1. What is the units digit of o(n)?
2
Let n = -11 + 12. Let s be (-5 - -8)*(n - 0). Suppose 3*r = -0*r + 5*c + 59, 0 = -2*r - s*c + 33. What is the tens digit of r?
1
Let c(u) = -u**2 + 8*u + 4. Let v be c(9). Let q = 3 + v. What is the units digit of (6 - -2) + 0 - q?
0
Let s(n) = -n**2 + 4*n + 6. What is the units digit of s(5)?
1
Let n(s) = s**3 - 5*s**2 - 11*s + 7. Let j be n(7). Suppose 9*r = 7*r + j. What is the units digit of r?
4
Suppose 6*o = 3*o + 228. What is the units digit of o?
6
Let b be (-7 + 6)/(1/15). What is the units digit of (-61)/(-3) - 10/b?
1
What is the tens digit of (-18)/(-45) + (-288)/(-5)?
5
Let s be (-2 + -1)*(1 - 4). What is the units digit of 138/s*(-6)/(-4)?
3
Suppose -u = -5*u + 16. Let z be 27/u - 2/(-8). Suppose z = -3*q + 22. What is the units digit of q?
5
Let w(a) = -7*a - 3. What is the units digit of w(-3)?
8
Let u be (1 - (-3 - -3)) + -3. What is the tens digit of (u - -7)/((-1)/(-2))?
1
Let w(m) = -17*m + 20. What is the tens digit of w(-17)?
0
Let j = -7 + 12. Suppose 0 = -j*v + 10 + 5. Suppose -v*y + 17 = -4. What is the units digit of y?
7
Suppose 4*w - 49 = 99. What is the units digit of w?
7
Suppose 27 = g + 5*v, 0 = -g + 5*v - 15 - 8. Suppose g*b = 4, 2*u - 122 = -b + 20. Suppose -4*c + 0*c = o - u, 5*c - 2*o = 81. What is the tens digit of c?
1
What is the units digit of 4 + 58 + (0 - 3)?
9
Suppose -2*u + d - 2*d + 6 = 0, -4*d = -4*u. Let f be -8*((-10)/(-4) - u). What is the units digit of ((-6)/f)/(6/16)?
4
Let w(v) be the first derivative of v**4/4 - 7*v**3/3 - 9*v**2/2 + 11*v - 2. What is the units digit of w(8)?
3
Let r = 7 - 7. Suppose 4*s = -r*s + 32. Suppose -4*l + 8 = -s. What is the units digit of l?
4
Suppose -8 = -2*w + 16. Let k = -5 + w. What is the units digit of k?
7
Let x = -26 + 33. What is the units digit of x?
7
Let n be 7/((-42)/176)*-3. Let w = n - 58. Let f = w + -17. What is the units digit of f?
3
Suppose 5*h + 2*h - 868 = 0. What is the hundreds digit of h?
1
Suppose 0 = -3*r + 2*s + 10, r - 2*s - 2 = -0. What is the units digit of 16/2*2/r?
4
Suppose 0 = -c - 2*c + 15. Suppose 2*f + c*s = f - 11, -s - 15 = -3*f. Let z = f - -1. What is the units digit of z?
5
Let d = -67 - -95. What is the units digit of d?
8
Let n(q) = -5*q**3 + 7*q**2 + 6*q + 20. Let t(z) = 3*z**3 - 5*z**2 - 4*z - 13. Let g(r) = 5*n(r) + 8*t(r). What is the units digit of g(-6)?
4
Suppose 0 = 15*c - 10*c - 105. What is the units digit of c?
1
Let s(l) = -16*l - 1. Let i = 5 - 6. What is the units digit of s(i)?
5
Let k(u) = 4*u - 3. Let s be k(2). Suppose -22 = -s*p + 33. Suppose 3*n - p = 4. What is the units digit of n?
5
Suppose -f - 33 = -130. What is the tens digit of f?
9
Let h(j) = 2*j**2 - 4*j - 1. Let i(y) = -y**2 + 6*y. Let z be i(5). What is the units digit of h(z)?
9
Suppose 3*o = 6*o - 12. Suppose -2*c - 22 = -o*c. Suppose -3*v + 31 = q, -14 - c = -3*v - 4*q. What is the units digit of v?
1
Let a(i) = i - 2. Let k be a(6). Suppose k*h = -h. Suppose -16 = -4*d - h. What is the units digit of d?
4
Let b(g) = -g**2 + 8*g - 5. Let n be b(7). Let y be 15/((-1)/n*-3). Let z = y + -4. What is the units digit of z?
6
Let f(v) = -5*v - 30. What is the tens digit of f(-20)?
7
Let r(y) = 2*y**2. Let w be r(-1). Let h be 1/1*(w - -3). Suppose h*s - 22 = 4*b, -4*b = -s - 1 - 1. What is the units digit of s?
6
What is the tens digit of (-3 + 2)/(6/(-66))?
1
Suppose 0*t = 5*t. Suppose 5*w - 2*z = -z + 51, t = w + 3*z - 7. What is the units digit of w?
0
Suppose -6*r = 3*q - r + 46, -5*r = -5*q - 10. Let z(v) be the first derivative of -v**2/2 + 4*v + 1. What is the tens digit of z(q)?
1
Let p = -17 - -24. Suppose -5*q + p = -2*m, -m - q + 10 = q. What is the units digit of m?
4
Suppose 0 = 4*y + 3*o - 11, -2*o = -3*y + 3*o - 28. Let m be (-38)/(3 - 2)*y. Suppose 4*f - m = -2*s, 5*s = -f + 3*s + 11. What is the units digit of f?
9
Let w be 1/(-1 + (-18)/(-17)). Let v be 12/(-7)*(6 + 1). Let b = w + v. What is the units digit of b?
5
Let c = 9 + -3. Let a be (-1)/((c - 3)/(-6)). Suppose -10 = -a*k, 3*d - 6 = 2*d + 2*k. What is the tens digit of d?
1
Let d(w) = 3*w**2 + w. Let a be d(-2). Let s(o) = o**2 - 8*o + 11. What is the tens digit of s(a)?
3
Suppose 4*n - b - 3*b - 68 = 0, 4*b = -n + 17. What is the tens digit of n?
1
Let q(t) = t**2 + 3*t - 8. What is the tens digit of q(-7)?
2
Let l = -7 + 1. Let t = l + 10. What is the units digit of t?
4
Let w(t) = -t**2 - 7*t + 17. Let j be w(-8). Let f(z) = 1. Let q(a) = a**2 - 10*a - 2. Let d(m) = f(m) - q(m). What is the tens digit of d(j)?
1
Let g(y) = -10 + 1 + 23*y + 10. Let m be g(1). Suppose -2*k + m = 2. What is the tens digit of k?
1
Let j(x) = x**2 - 4*x - 2. Let u be j(5). Suppose -27 = -u*b - 0. What is the units digit of b?
9
What is the units digit of (-29)/(6/4 - 2)?
8
Let v(b) = b**3 - 11*b**2 - 11*b + 9. Let y be v(12). Suppose 0 = 4*t - 8*t + 20. Suppose y = n + t. What is the tens digit of n?
1
Let a(z) = -z**3 - 7*z**2 - 2*z + 9. What is the units digit of a(-7)?
3
Let h = 7 + -5. Let j = 1 + h. Suppose -2*a + 10 = j*a. What is the units digit of a?
2
Suppose 3*w - 2 = 4. Suppose -5*u - 2 = 23, 0 = 5*l - w*u - 35. Suppose 4*k - 2*j + 4 = 0, 2*k - l*j = k - 19. What is the units digit of k?
1
Suppose 4*v - 2*v = 0. Let h(f) = f + 1. Let i be h(v). Let x = i - -9. What is the tens digit of x?
1
Suppose 775 = 5*l + j - 6*j, 2*j - 650 = -4*l. Suppose -2*d = 3*d - l. What is the tens digit of d?
3
Let i(h) = h**2 + 3*h - 1. What is the tens digit of i(-6)?
1
Let n be (-5)/30 + 67/6. Suppose m - 3*k = n, -3*k + 4*k = 5*m - 27. Suppose -2*h + 19 = m*s - 17, 0 = 5*h + 10. What is the units digit of s?
8
Let w(i) = 9*i - 2. Let p be w(2). Suppose 0 = -t + 5, p = 5*l + 3*t - 24. Suppose 36 = l*a - a. What is the units digit of a?
9
Let d = -2 + 4. Suppose o + 27 = -d*o. What is the units digit of ((-3)/o)/1*24?
8
Suppose -4*c + 161 = 29. Let g be (-1)/(-4) - (-19)/4. Suppose -5*m + 5*b + 5 + 40 = 0, g*m = b + c. What is the units digit of m?
6
Let r(l) = -l**3 - 4*l**2 + l - 5. What is the units digit of r(-5)?
5
What is the units digit of 12/16 + (-966)/(-24)?
1
Let c(s) = -2*s + 6. Suppose -10 = -5*a, 4*a - 2*a + 1 = -k. What is the units digit of c(k)?
6
Suppose 0 = 2*w - q - 13, -4*w + q + 21 = -2*q. What is the units digit of w + 0 + -1 + 1?
9
Suppose 0 = -5*n - 2*p + 17, -3*n + 6 = -2*n + 3*p. Suppose 0*j - 5*j = g + 7, 2*g - 12 = n*j. What is the units digit of 0 + j + (17 - 3)?
2
Let a be (-70)/(-4 + 2) + 2. Suppose 5*g - a = -2. What is the units digit of g?
7
Let c(d) = 2*d**2 - 3*d + 3. Suppose 8*m - 10 = 3*m. What is the units digit of c(m)?
5
Suppose 12*x - 10*x - 24 = 0. What is the tens digit of x?
1
What is the units digit of (-1 + 137/3)/((-4)/(-6))?
7
Suppose 0 = 3*o - 0*o - 21. What is the units digit of o?
7
Suppose -52 = -2*y + 5*f, 3*y + 4*f - 42 - 59 = 0. What is the units digit of y?
1
What is the tens digit of 12/18 - 170/(-6)?
2
Let h = -17 + 24. Suppose -2*m = h - 29. What is the units digit of m?
1
What is the tens digit of -17*5/2*-2?
8
Let l = 1 - -10. What is the units digit of l?
1
Let i(f) = f + 10. Let x be i(7). Let m = x - 3. What is the tens digit of m?
1
Let q(z) be the third derivative of -z**6/120 - z**5/6 + 7*z**4/24 + z**3 - 10*z**2. What is the tens digit of q(-11)?
5
Let h = 0 - -3. Suppose h*r - 4*v - 65 = 0, -5*v - 21 - 64 = -4*r. Suppose 0 = 2*q - 7*q + r. What is the units digit of q?
3
Let a(c) = -2*c**2 - 11*c - 5. Let f be a(-7). Let l = f - -37. What is the units digit of l?
